111111111010000000 (base 2) to base 3.
-1222020211221
Convert -2132010030 (base 4) to base 2.
-10011110000100001100
12384 (base 15) to base 13
2062c
What is 23b9b4 (base 15) in base 16?
1a1778
What is -1100100101100101 (base 2) in base 11?
-35810
-2361354 (base 7) to base 15
-5e139
Convert -1211002111101 (base 3) to base 14.
-1b2206
Convert -220133113 (base 4) to base 13.
-5a646
What is -223240320 (base 6) in base 2?
-1111100100000100111000
What is -210112211110201 (base 3) in base 13?
-24ac86a
What is -1110101101010100 (base 2) in base 7?
-340432
What is -492a82 (base 13) in base 10?
-1748411
580623 (base 9) to base 16
55050
What is -202001221210 (base 3) in base 5?
-100120320
-40455211 (base 6) to base 16
-11ad57
-34a045 (base 11) to base 12
-229284
What is 11010000101101010010 (base 2) in base 5?
204323431
Convert -40723 (base 13) to base 11.
-79820
Convert -1b6a0 (base 13) to base 14.
-158c0
-1241203 (base 7) to base 3
-22012021111
31431520 (base 6) to base 5
213444424
10bd616 (base 15) to base 3
211120021221210
What is -85b670 (base 13) in base 14?
-5b9a4d
What is -160064561 (base 7) in base 6?
-1021451245
Convert -4386 (base 13) to base 5.
-300110
140144412 (base 6) to base 12
b38108
44341346 (base 7) to base 15
508662
What is 40d55 (base 14) in base 3?
21221101102
Convert -ad9a7 (base 15) to base 14.
-1053c7
-101222122 (base 5) to base 9
-700851
Convert 69659 (base 12) to base 14.
394c5
Convert -12125401 (base 6) to base 10.
-384841
200022203 (base 4) to base 10
131747
-1c7939 (base 16) to base 2
-111000111100100111001
What is -2603b (base 14) in base 15?
-1c9d4
-430546 (base 7) to base 4
-102033112
23121665 (base 7) to base 11
1161449
-1458c62 (base 13) to base 11
-3722402
300322200 (base 4) to base 3
101011211110
Convert 11310321030 (base 4) to base 14.
2ba8a0
Convert -434561 (base 8) to base 11.
-9a585
What is 1125012 (base 6) in base 7?
331265
414010414 (base 6) to base 16
6da82a
Convert 175273 (base 8) to base 15.
14042
-1142405044 (base 6) to base 5
-11312040310
Convert 126681 (base 12) to base 6.
10244241
-1032405 (base 6) to base 5
-3114000
1042411 (base 7) to base 5
13100033
What is -1000000101110000111101 (base 2) in base 15?
-2bd595
What is 110111000100111001 (base 2) in base 8?
670471
Convert 423bb (base 16) to base 4.
1002032323
What is bdb79 (base 14) in base 2?
1110000011011011111
Convert -d73b8 (base 14) to base 8.
-1766306
What is 11101100010001001000001 (base 2) in base 16?
762241
-1010000010111010100111 (base 2) to base 12
-a6bb47
What is a899b (base 12) in base 3?
102022100102
What is 17142330 (base 8) in base 3?
21111100000221
Convert 4024634 (base 10) to base 3.
21120110202112
Convert -11100100100011110010011 (base 2) to base 16.
-724793
7025 (base 11) to base 14
3596
Convert -170440 (base 10) to base 12.
-82774
1440000303 (base 5) to base 2
1110100110100111101011
-475253 (base 8) to base 12
-7a037
Convert 323827 (base 9) to base 13.
69ba1
What is c8406 (base 13) in base 3?
200100012000
-124363326 (base 7) to base 5
-4013323011
What is -20110311222 (base 4) in base 10?
-2182506
What is 89a5ca (base 15) in base 16?
642f3a
120021101001 (base 3) to base 10
300619
404161 (base 7) to base 3
10111020011
What is 150121 (base 8) in base 12?
26a41
-101102024 (base 5) to base 3
-202210220211
Convert -627352 (base 12) to base 4.
-11321230232
What is -103612715 (base 8) in base 15?
-185de42
What is 24917 (base 11) in base 9?
53881
What is 1032312 (base 5) in base 9?
26413
What is -22230211 (base 4) in base 10?
-43813
-32136a (base 13) to base 2
-100011110100100100001
-6b7230 (base 12) to base 10
-1733508
20300323331 (base 4) to base 11
132a245
-1410151250 (base 6) to base 13
-370512c
Convert -189b79 (base 13) to base 10.
-621513
Convert -25552 (base 8) to base 15.
-345e
What is -5a761 (base 14) in base 7?
-1610151
1001133022 (base 4) to base 10
268234
Convert -1575350 (base 8) to base 6.
-13445452
Convert 7c356d (base 14) to base 3.
21222011102102
1c6637 (base 16) to base 14
3663b1
What is 111001011001110010 (base 2) in base 3?
102221112020
What is -311113004 (base 5) in base 7?
-13535623
Convert -199a39 (base 15) to base 4.
-10300212333
-103211230311 (base 4) to base 10
-5135157
What is 14363606 (base 7) in base 9?
2502868
Convert -2164d32 (base 14) to base 7.
-251434362
What is -1153236 (base 7) in base 14?
-3bb1d
What is 2a357 (base 16) in base 2?
101010001101010111
Convert 82279 (base 10) to base 16.
14167
What is -230243414 (base 5) in base 10?
-1024859
What is 34220360 (base 8) in base 9?
14850077
-10010100110101000100100 (base 2) to base 10
-4876836
-1033413412 (base 5) to base 3
-11020012122121
What is -111111102210011 (base 3) in base 9?
-14442704
Convert -1a2829 (base 14) to base 3.
-1202012110021
Convert -15042235 (base 6) to base 5.
-113101202
-6029b (base 13) to base 11
-108111
-24135352 (base 6) to base 14
-15aa56
2520220 (base 7) to base 12
137787
What is -56066 (base 14) in base 11?
-132828
What is 21301251 (base 6) in base 4?
2121312133
Convert -20244032 (base 5) to base 10.
-165517
Convert 107224 (base 10) to base 13.
39a60
Convert -dbc3 (base 14) to base 8.
-112157
What is a84b98 (base 12) in base 6?
133023512
Convert -61779 (base 10) to base 2.
-1111000101010011
Convert 113b88 (base 14) to base 8.
2171774
-112132403 (base 6) to base 12
-837103
What is 1041312121 (base 5) in base 14?
439172
Convert 223303011303 (base 4) to base 5.
10414401314
Convert 10000110000100111000 (base 2) to base 7.
4445045
-1482170 (base 9) to base 16
-c89df
Convert -798d4c (base 15) to base 16.
-58851f
What is -43024111 (base 5) in base 11?
-227384
-430511 (base 8) to base 6
-3025121
What is -11011100111000101 (base 2) in base 16?
-1b9c5
Convert -11202012100 (base 3) to base 10.
-93456
Convert 212222212122 (base 3) to base 15.
94e1b
1245443 (base 7) to base 8
475771
Convert -11257542 (base 8) to base 13.
-679a7b
-c145b (base 14) to base 10
-464601
What is -535244354 (base 6) in base 9?
-18767737
-7992df (base 16) to base 8
-36311337
-23242233 (base 5) to base 9
-353060
-2236107 (base 8) to base 13
-182651
Convert 63611 (base 10) to base 12.
3098b
What is 732639 (base 11) in base 14?
22815c
What is -2401124041 (base 5) in base 3?
-101022212212100
Convert 210000011110012 (base 3) to base 11.
6335342
-510a0c (base 14) to base 3
-12010200011220
Convert -4835096 (base 11) to base 3.
-120212001101110
Convert 12335207 (base 8) to base 13.
7499a8
What is -316720 (base 8) in base 5?
-11342221
Convert -16ae (base 15) to base 6.
-34345
111e08 (base 16) to base 10
1121800
Convert -111100110111001011 (base 2) to base 16.
-3cdcb
Convert 2234263 (base 11) to base 13.
a70b51
What is 12200330402 (base 5) in base 15?
140ab87
Convert 27e216 (base 16) to base 2.
1001111110001000010110
What is 17ee42 (base 16) in base 9?
2850300
Convert -100221202020211 (base 3) to base 16.
-50b750
Convert -100111120200 (base 3) to base 14.
-4c247
104862 (base 12) to base 15
51215
Convert 12103023212 (base 4) to base 14.
30db94
-23231010222 (base 4) to base 3
-12202212210010
What is -5dd4e (base 16) in base 3?
-201112012121
32ec6 (base 16) to base 5
23133312
Convert -2577027 (base 9) to base 10.
-1409182
What is 10454133 (base 6) in base 10?
318441
Convert 541402 (base 7) to base 11.
64839
-6441bb (base 12) to base 15
-214125
What is -24324355 (base 6) in base 4?
-2330310233
What is 1377186 (base 13) in base 5?
3034000043
41234501 (base 6) to base 11
7407a7
-32442 (base 8) to base 3
-200122210
-27736263 (base 8) to base 15
-83e06c
101100100111100 (base 3) to base 16
53e66e
Convert -410654 (base 7) to base 16.
-1114a
Convert -53b819 (base 12) to base 13.
-375a53
Convert 17471 (base 16) to base 5.
11022340
What is 188874 (base 9) in base 5?
12234314
What is 440402 (base 7) in base 8?
226346
What is 28084 (base 9) in base 4?
10221112
-605433 (base 9) to base 8
-1273625
Convert 1536a4 (base 11) to base 13.
84a96
5b6636 (base 12) to base 9
2711016
-230300121302 (base 4) to base 2
-101100110000011001110010
What is -141113032 (base 5) in base 15?
-e42cc
What is 11726e (base 16) in base 9?
2132411
1352522 (base 11) to base 16
23924a
What is 446861 (base 10) in base 4?
1231012031
Convert -2041444 (base 5) to base 10.
-33999
Convert 3113230321 (base 4) to base 6.
30534201
2